lculate the highest common factor of m and g.
10
Let t(c) = 30*c**3 + 2*c**2 + 2*c - 5. Let w be t(2). Calculate the highest common factor of w and 19.
19
Suppose -880 - 44 = -11*v. Calculate the greatest common factor of v and 63.
21
Let m = 30 - 27. Suppose m*y = 11*y - 24. Suppose -4*d - y*d + 63 = 0. What is the highest common factor of d and 6?
3
Let h = 21 - 16. Suppose -2*y - j = -134, 4*y - 2*y - h*j - 146 = 0. Calculate the greatest common divisor of y and 34.
34
Let v(p) = 0*p + 5*p - 4*p**2 + 4*p**3 - 6*p**3 + 3*p**3. Let d be v(4). What is the highest common divisor of d and 20?
20
Suppose a + 3*u + u - 21 = 0, -2*u = 2*a - 12. Let b be 4*a/2*6. Calculate the highest common factor of 24 and b.
12
Let q(h) = -166*h - 394. Let k be q(-12). What is the greatest common divisor of 188 and k?
94
Let n(a) = -6 + 20 - a - 16. Let z be n(-4). Calculate the highest common divisor of 8 and z.
2
Let x = -14 + 60. Let b be (2 + -2)/(-8 + 6). Let r be 23 + b/(0 - -5). Calculate the greatest common factor of r and x.
23
Let z = 43 + -18. Suppose 0 = -9*g + 179 - 89. What is the highest common factor of z and g?
5
Let k be 0/(8/(-2) - -2). Let q be ((-76 + k)/(-1))/(-1). Let d = q - -108. Calculate the highest common factor of 16 and d.
16
Let p = 192 + 104. Let u be (p - (5 + -2)) + -3. What is the highest common factor of 58 and u?
58
Let j(z) = -4*z + 112. Let v be j(18). Calculate the highest common divisor of v and 140.
20
Let x = -56 + 87. Suppose r + x = 2*c, 4*c + r - 88 = -c. Calculate the highest common factor of c and 17.
17
Let g(o) = 41*o**2 - 24*o - 9. Let m(f) = 8*f**2 - 5*f - 2. Let j(p) = -2*g(p) + 11*m(p). Let k be j(-2). What is the greatest common divisor of k and 85?
17
Let l be -1 - (8 + 2)/(-2). Suppose -221 - 323 = -l*o. Let v(u) = u**3 + 5*u**2 - 8*u - 23. Let m be v(-5). What is the greatest common factor of m and o?
17
Let g = -93 - -113. Suppose 0*z - 5*z = 0. Suppose z = 5*f - 7 - 18. What is the greatest common divisor of f and g?
5
Let c be (-12)/6 - (-14 - (-4)/(-2)). Let v be (c/6)/((-15)/(-405)). Calculate the highest common factor of v and 7.
7
Let r(x) = x**3 - 44*x**2 + 39*x + 175. Let c be r(43). What is the highest common factor of 3 and c?
3
Let i be 2/2*(51 + -1). Suppose -4*l + 5*u = -79, 3*l - 20 - 31 = u. Let m = l + i. What is the greatest common factor of 6 and m?
6
Let o = -397 + 445. Calculate the highest common divisor of o and 3.
3
Let l = 35 - 33. Let s be 256/24*1*-3. Let y = -18 - s. What is the greatest common divisor of l and y?
2
Let a be (-31)/(-1) + -3 + 4. Calculate the greatest common divisor of a and 416.
32
Let j(d) = -141*d + 1152. Let i be j(8). Suppose 4*z - 52 = -0. Suppose 59 + z = 2*s. What is the highest common factor of i and s?
12
Let z(u) = -2*u - 34. Suppose 0 = 3*i + 67 - 1. Let c be z(i). Let x = 62 + 18. What is the greatest common divisor of c and x?
10
Let f = 2231 - 1397. What is the highest common divisor of 6 and f?
6
Suppose -41*n - 9*n = -400. What is the highest common factor of 2680 and n?
8
Let d be 6*(-3)/24 - 450/(-24). Suppose -22*x + 120 = -d*x. What is the greatest common divisor of 45 and x?
15
Suppose 4*g + 16 = -0*g, -3 = i + 2*g. Let a(y) = -y**3 + 6*y**2 - 4*y - 1. Let w be a(4). What is the highest common factor of w and i?
5
Suppose 2*c - 5*c = -3*y + 60, -5*y - 5*c = -80. Calculate the highest common divisor of 354 and y.
6
Suppose -5*s = 3*o - s - 104, 2*s + 92 = 3*o. Let l = o - 16. What is the highest common divisor of 32 and l?
16
Suppose 0 = -6*o + 80 - 1352. Let k be (o + (-1 - -3))/(36/(-24)). Calculate the greatest common divisor of k and 20.
20
Let q = -75 - -78. Suppose i - 103 = -q*n, 55 = 2*n + 5*i - 31. Calculate the highest common factor of n and 11.
11
Let f be ((-3)/2)/(10/(-20)). Suppose -4*p = -0*p + 5*g - 90, -f*g = -4*p + 106. Let n be 1/3*-3*-10. What is the highest common divisor of n and p?
5
Suppose -3*k + 7*k - 5*d = 32, 0 = 4*k + d - 56. Let a = k - 9. Suppose a*b - 289 - 47 = 0. What is the greatest common factor of 12 and b?
12
Suppose 9*b - 334 = 521. Let v = b - 77. What is the greatest common divisor of v and 12?
6
Let l be ((-4875)/(-9))/(-5)*-3. Suppose -8*s = -3*s - l. Suppose -23 + s = 2*g. What is the greatest common divisor of g and 14?
7
Let s = 96 - 92. Calculate the highest common divisor of s and 20.
4
Suppose r + 3*r = -60. Let d be 10/r + (-400)/(-6). What is the highest common divisor of d and 6?
6
Suppose v = 3*t + 73, 5*v - v = -t + 240. Calculate the highest common factor of v and 427.
61
Let j(r) = -r**2 - 14*r. Let v be j(-7). What is the greatest common factor of 7 and v?
7
Suppose 622 = 20*l - 1018. What is the highest common factor of 164 and l?
82
Suppose 5*v = q + 21, 0 = 4*v + q + 4*q - 40. Suppose 0 = -s - 3*p - p + 24, v*s + 3*p - 120 = 0. Calculate the greatest common factor of s and 40.
8
Let b(y) = -18*y**3 + 18*y**2 + 36*y**3 + 19 - y - 19*y**3. Let l be b(18). Calculate the highest common factor of 9 and l.
1
Suppose 1 = 2*w - x, -4*w + 3*x + 8 = 9. Calculate the greatest common divisor of 218 and w.
2
Let v be 314/3 - 24/36. Suppose q + 54 - v = 0. What is the greatest common factor of 550 and q?
50
Let c = -2970 - -2985. Let s(y) = -10*y - 5. Let t be s(-5). Calculate the highest common divisor of c and t.
15
Suppose -5*v - 5 = 5*y, -2*y + 0*v + v = -1. Suppose x + y*x = 10. What is the greatest common divisor of 90 and x?
10
Let b be (-2)/4 + 34/4. Suppose 22 = 17*w - 46. Suppose w*v - b*v = -72. Calculate the highest common factor of v and 18.
18
Suppose -266*s + 280*s = 448. Let m = 20 + -12. What is the highest common divisor of s and m?
8
Let r(j) = -5*j + 41. Let t be r(8). Let u = 8 + -5. Let o(m) = 2*m**2 - 3*m - 1. Let z be o(u). What is the highest common divisor of t and z?
1
Let y = -46 + 49. Let p(u) = -4*u**3 + 4*u + 3. Let n be p(-2). Let f be 6*n/12*2. What is the greatest common factor of f and y?
3
Suppose 38 = 2*f - 21*j + 17*j, -f - 5*j = 16. What is the highest common factor of f and 423?
9
Let i(h) = h**3 + 17. Let d be i(0). Suppose 0 = -l + d - 15. What is the greatest common factor of 18 and l?
2
Let i(z) = -109*z + 7. Let w be i(-9). What is the highest common factor of w and 65?
13
Let d(l) = -5*l - 30. Let m be d(-7). Suppose -3*s = m*o - 0*s - 12, s = 5*o - 16. What is the greatest common divisor of 9 and o?
3
Let s be (69 - -3) + -4 - -4. Let u be s/(-63)*14/(-4). Suppose u*i - t - 56 = -5*t, -t = -4*i + 76. What is the highest common factor of i and 45?
9
Suppose -2*i = 3*w + 80, -2 = i + w + 37. Let j = -32 - i. Let t = 11 - -9. Calculate the greatest common factor of t and j.
5
Suppose -2*s = s + 705. Let o(p) = -p**2 + 36*p + 341. Let c be o(45). Let f = c - s. What is the highest common factor of 19 and f?
19
Suppose 4*q - 80 = 5*q - 4*v, 0 = -3*v + 15. Let d be (-312)/(-20)*q/(-8)*1. What is the greatest common divisor of d and 13?
13
Let j be (-2 - (4*-1 - -1))*-4. Let q(x) = 2*x - 5. Let g(l) = -l. Let b(t) = -3*g(t) - q(t). Let r be b(j). What is the greatest common divisor of r and 7?
1
Let m(c) = -c**3 - 19*c**2 - 18*c - 8. Let o be m(-18). Let g = 20 - o. What is the greatest common divisor of g and 4?
4
Let o = -27 - -24. Let v = o - -87. Suppose s = 3*s - 6, 0 = 2*p + 5*s - 39. What is the greatest common divisor of p and v?
12
Suppose 265*x = 262*x + 39. What is the highest common factor of x and 169?
13
Suppose -3*l + 2*r - 13 = 0, -r = -2*l - l - 14. Let x(m) = -m**3 - m**2 - 4*m + 8. Let o be x(l). What is the greatest common factor of 16 and o?
16
Let x be 10/(-3)*27/9*-6. What is the greatest common factor of x and 90?
30
Let m(u) be the third derivative of -u**6/120 + u**5/12 + u**4/4 - 2*u**3/3 + 7*u**2. Let s be m(5). What is the greatest common factor of 208 and s?
26
Let d(h) = 5*h**3 - 2*h**2 + 10*h - 9. Let l be d(1). What is the greatest common divisor of l and 58?
2
Let b be (11 - 5)/((-2)/45). Let t be b/(-10)*4/3. What is the greatest common factor of t and 12?
6
Let c be -3*1 - (-23 - -3782)/(-21). Calculate the greatest common divisor of 33 and c.
11
Suppose -2*j + 5*f - 1 = 0, -j + f = 2*j - 5. Suppose 5*d + 0*p = -3*p + 38, -3*p = 12. Calculate the greatest common factor of j and d.
2
Suppose 5*a - 1 - 19 = 0. Suppose 